Let d = -88 - -136. Suppose -249*b = -252*b + d. What is the highest common factor of 24 and b?
8
Suppose 8*d = -0*d - 312. Let m = -69 - d. Let c = m - -39. What is the highest common factor of 45 and c?
9
Suppose 4*p + 2*q = 16, -3*p = -8*p - 4*q + 26. Suppose d + 3*v = 98, -2*d + p*v = -134 - 30. What is the greatest common divisor of 645 and d?
43
Let r(a) = -a**3 + 18*a**2 - 32*a - 8. Let k be r(16). Let d be 2 - (k - (-5 - -10)). What is the greatest common divisor of 60 and d?
15
Suppose -9*r - 16*r = -360037 - 86888. Calculate the greatest common divisor of r and 177.
177
Let w be (-4)/(2*2/(-10)). Suppose 9 = -30*j + 189. What is the highest common divisor of j and w?
2
Let y(u) = 261*u**3 - u**2 - 12*u + 33. Let g be y(2). What is the greatest common divisor of 1274 and g?
91
Let u(j) = 3*j**2 + 33. Let w be u(10). Let d = -325 + w. What is the greatest common divisor of 8 and d?
8
Let z(t) = -132*t**2 + 1. Let u(g) = -g**2 - 10*g - 17. Let d be u(-8). Let p be z(d). Let k = -91 - p. What is the greatest common divisor of k and 24?
8
Let h = 37 + -62. Let q(o) = -o**3 + 9*o**2 - 4*o + 9. Let z be q(8). Let a = h + z. Calculate the highest common divisor of 8 and a.
8
Suppose 0 = 11*l - 17*l + 114. Let n = 60 + -22. What is the greatest common divisor of l and n?
19
Let h be (-52)/39 - (-2 - -1) - 5102/(-6). What is the greatest common divisor of h and 204?
34
Let a = 4755 - 4706. Calculate the highest common divisor of 2891 and a.
49
Suppose -14*n + 3754 = -4*n + 1404. Calculate the greatest common divisor of n and 799.
47
Let t(v) = v**3 + v. Let a = 55 + -55. Let f be t(a). Suppose -5*k - r + 227 = f, -5*k - 8*r = -3*r - 235. Calculate the highest common divisor of 30 and k.
15
Let l = -15 + 25. Let n = 622127 + -621097. What is the greatest common factor of l and n?
10
Let z be (((-1071)/(-12))/17)/(98/96 + -1). Calculate the highest common divisor of 2674 and z.
14
Let x be 1*-6*128/(-3). Let b = -117757 - -117773. What is the greatest common factor of x and b?
16
Let k be ((-120)/48)/(2/(-4)). Suppose -k*b + 1315 = 7*q - 2*q, 4*b = -3*q + 788. Calculate the highest common divisor of q and 24.
24
Let i be (-1 - -2)*(-2 - (-2 + 0)). Suppose 0 = n - i*n - 4. Suppose x + n*x = 50. What is the highest common factor of 4 and x?
2
Let h(o) = 6*o**2 - 19*o - 134. Let w be h(-6). Suppose -2*i + 5*v + 118 = 0, 14 - 59 = -i - v. What is the greatest common divisor of w and i?
49
Let t(k) = 8 - 4 - 3*k + 8. Let h be (-1)/(-2)*0 - (19 + -15). Let u be t(h). What is the highest common factor of 16 and u?
8
Let l be (-4)/30 - ((-282)/90 - 0). Suppose -263 = -l*d + 5*k, -7*k + 6*k - 85 = -d. Calculate the greatest common divisor of 27 and d.
27
Suppose 3*q - 49003 - 18658 + 3686 = 0. Calculate the greatest common divisor of q and 25.
25
Let r = 0 - 0. Let o be 99 + 7 - (24/6 - 0). Suppose -3*a - 3*a + o = r. What is the greatest common factor of 17 and a?
17
Suppose -5*y + w = -19353, 3128 = 2*y + 3*w - 4620. Calculate the highest common factor of y and 147.
49
Suppose -1817 = -18*a + 919. Let s = -136 + a. What is the greatest common factor of 24 and s?
8
Suppose -4 = -2*n, 475 = -4*h - 2*n - 441. Let v be (62/124)/((-1)/h). What is the highest common factor of 138 and v?
23
Let v(g) = -45*g - 488. Let q be v(-16). What is the greatest common divisor of q and 2581?
29
Let l(z) = 5*z - 2. Let v be l(2). Let c(g) = 22*g - 808. Let x be c(48). Calculate the greatest common divisor of v and x.
8
Let m = 8521 - 5898. Calculate the greatest common factor of 43 and m.
43
Let t be 5 + 0 - (-12*6/(-18) - 164). Calculate the greatest common factor of 715 and t.
55
Suppose 10*i - 11*i = -2*z - 1095, 0 = -2*i - 2*z + 2220. Calculate the greatest common divisor of i and 325.
65
Let m be ((-85)/20 - 1)/(328/(-32) - -10). Calculate the highest common divisor of 30093 and m.
21
Suppose -19 = -2*g + 11. Let s = -45896 - -46091. Calculate the highest common factor of g and s.
15
Suppose -18*t - 45 = 1287. Let v = -23 - t. Calculate the greatest common factor of v and 663.
51
Let k(j) = -85*j**2 + 929*j - 9. Let i be k(10). Calculate the highest common factor of i and 71.
71
Let v(p) = 195*p**2 + 2*p - 1. Let u be v(1). Let b = -11492 - -11520. Calculate the greatest common divisor of u and b.
28
Suppose -66*l + 101524 - 70422 + 212372 = 0. Calculate the highest common divisor of 357 and l.
119
Suppose 0*o + o - 58 = 0. Let j be 0/(-2 - -4) - (2 + 2 - 381). What is the greatest common divisor of o and j?
29
Let h be ((-133)/(-38) - -1)/((-9)/(-96)). What is the highest common divisor of 112 and h?
16
Suppose 0 = -9*w + 16*w + 112. Let q be (-1)/((2/8)/(44/w)). What is the highest common divisor of q and 143?
11
Suppose 8*q = 89 + 15. Let p(v) = 7*v + 147 - 283 + 145. Let f be p(q). Calculate the greatest common divisor of 20 and f.
20
Suppose -4*t = -4*b - 3456, -20*t - 2*b = -25*t + 4329. Calculate the greatest common factor of 6 and t.
3
Suppose 2*m = -2*m - 372. Let n = m + 105. Let t be n/(-12) - 31*-1. Calculate the highest common divisor of 20 and t.
10
Let o(w) = 38*w**2 - 4*w + 5. Let a(f) = f**3 - f**2 - 4*f - 1. Let l be a(3). Let d be o(l). Calculate the greatest common divisor of d and 85.
85
Suppose -w + 40291 = 5*y, -178*y + 181*y + 4*w = 24178. Calculate the highest common divisor of y and 12.
6
Let a(z) = -z**3 - 2*z**2 - 6*z + 1. Let i be a(-3). Let c(g) = -g + 58. Let r be c(i). What is the greatest common divisor of r and 20?
10
Let l = -12889 - -21394. What is the highest common divisor of l and 105?
105
Let u be 2/(12/327) - (-2)/4. Let i(h) = -h**3 + 15*h**2 + 18*h - 14. Let l be i(16). Let z = l + -7. Calculate the greatest common factor of u and z.
11
Let z(y) = -53*y - 8. Suppose 0 = -6*u - 6 - 36. Let r be z(u). What is the highest common factor of 33 and r?
33
Suppose 2*w - 47519 = -40*w + w. Calculate the highest common divisor of w and 244.
61
Suppose 0 = -552831*u + 552902*u - 3479. Suppose -2*q + 1321 = 3*d, 4*q + q = -4*d + 1759. Calculate the greatest common divisor of d and u.
49
Let q(h) = h + 17. Suppose 120 = -3*s + 135. Suppose -48 = s*d + 3*c - c, 2*d = 2*c - 22. Let y be q(d). Calculate the highest common factor of 7 and y.
7
Suppose -107*h - 4576 = 113*h - 272*h. Let n(g) = g**2 + 4*g + 1. Let d be n(4). What is the highest common factor of d and h?
11
Let c be 3 - (-1 + 0 + 1). Suppose -3*w = -c*n + 555, -w - 12 = 3*w. Suppose -3*z - n = 2*x - 3*x, -z - 2 = 0. Calculate the greatest common factor of x and 22.
22
Suppose -p + 20 = 5*g, p - 18 - 2 = 3*g. Let x = p - -11. Let b = 39 - x. Calculate the highest common divisor of 20 and b.
4
Let p(i) = i**3 - 15*i**2 + 92*i - 1698. Let n be p(17). Calculate the highest common divisor of 111 and n.
111
Suppose 0 = 5*t + 5*l - 15, 27 = 4*t + 33*l - 32*l. Let u(c) = c**3 - 3*c**2 - 6*c + 4. Let i be u(6). What is the greatest common factor of t and i?
4
Let b = 37 - 13. Suppose 40 = -13*y + 21*y. Suppose -105 = -9*t + 4*t - 5*v, -3*t + 23 = -y*v. Calculate the greatest common factor of b and t.
8
Let d = 932 - 836. What is the greatest common divisor of 456 and d?
24
Let o be (-2 + (-24)/(-15))/(-9 - 431279/(-47920)). What is the greatest common factor of o and 32?
32
Let c be 334/2*((-12 - -10) + 1). Let h = c + 175. Let b(p) = p**2 - p + 20. Let x be b(0). Calculate the greatest common factor of x and h.
4
Let r(k) = k**3 - 30*k**2 + 148*k + 16. Let z be r(24). What is the highest common factor of 544 and z?
16
Let r(y) = 13*y**2 - 3*y + 4. Let z be r(-3). Let g = 241673 - 241621. What is the highest common divisor of z and g?
26
Let x(p) = -211*p**3 - 3*p**2 - 3*p - 1. Let k(a) = -4*a**2 - 11*a + 2. Let f be k(-3). Let d be x(f). What is the greatest common factor of d and 5?
5
Let w(a) = -a**3 - 16*a**2 - 82*a + 18. Let g be w(-9). Let b = -100 + 107. Calculate the highest common factor of g and b.
7
Suppose 12*s + 21 = 19*s. Suppose -z = -s*z - 2*b + 276, 0 = 5*b - 15. Calculate the greatest common divisor of z and 5.
5
Suppose 4*o + 45 = -135. Let z be 5/3 + (-1140)/o. What is the highest common factor of z and 9?
9
Suppose 3*m - 6*m = 5*s - 22779, -2*s - 5*m + 9123 = 0. What is the greatest common factor of 132 and s?
66
Suppose -2*w - 44 = 5*t + 19, w = 5*t + 51. Let